pose 664 = z - 2*q - 418, -4*q + 5424 = y*z. List the prime factors of z.
2, 271
Let a = 48 + -4. Suppose 4*f = 2*h - 6*h + 172, -5*h - f + 203 = 0. Let r = a - h. What are the prime factors of r?
2
Let b = 101 - 56. Suppose -i = -j + 28, 4*i - 20 = 5*i + j. Let c = b + i. List the prime factors of c.
3, 7
Let k = -43752 - -71213. List the prime factors of k.
7, 3923
Let p = 8432 + -6432. List the prime factors of p.
2, 5
Let a be 2*3 + -6 + (-7 - -12). Suppose 0 = -a*n + d + 129 + 416, 4*d - 20 = 0. List the prime factors of n.
2, 5, 11
Let k(m) be the third derivative of 931*m**4/24 + 17*m**3/6 - 166*m**2. What are the prime factors of k(1)?
2, 3, 79
Suppose 253*g - 230*g - 122774 = 0. What are the prime factors of g?
2, 17, 157
Let a(k) = 2*k**3 - 6*k**2 - 7*k - 4. Let u be a(-2). List the prime factors of 6/u - 466/(-5).
3, 31
Let f = 154 + -152. Suppose -f*w + 1404 = 520. What are the prime factors of w?
2, 13, 17
Let c = -7711 - -9525. What are the prime factors of c?
2, 907
Let q(v) = -10202*v + 2549. What are the prime factors of q(-5)?
3, 11, 541
Let s = 545 - 127. Suppose -m - 24 + s = 0. List the prime factors of m.
2, 197
What are the prime factors of ((-13530)/(-45))/((-8)/63 + 8/36)?
7, 11, 41
Let v = 6345 + -2112. List the prime factors of v.
3, 17, 83
Let x(d) = -d**2 + 9*d + 16. Let n be x(11). Let h be (n + (6 - -2))*(-90)/(-4). Suppose 5*p - 830 = -h. What are the prime factors of p?
157
Suppose 8*f - 104 = 6*f. Let s = 225 + f. What are the prime factors of s?
277
Suppose -2*r - 7 = -3*l, 3*l + l = 2*r + 12. Suppose -5*w + n = -48, 0 = l*w + 2*n - 4 - 35. Suppose w*g - 1000 = -244. List the prime factors of g.
2, 3, 7
Suppose o + 2 = -f, 4*f = 3*f - 2*o - 6. Suppose x - 180 = -2*l, f*x - 3*x - l = -179. Suppose 4*y + 2 = x. What are the prime factors of y?
2, 11
Suppose 21 = 3*d + 5*a, 0 = 3*d - 4*a + 2 + 4. Let f be (28/12 - d)/(-1)*33. Let w(i) = -3*i - 25. What are the prime factors of w(f)?
2
Suppose 3*a + 7*x = 8*x + 383, -5*a + 2*x = -637. Let g be (-3)/((5/(-20))/(2/8)). Suppose -g*c = -309 - a. What are the prime factors of c?
2, 73
Let h(w) = 138*w**3 + 2*w**2 - 27*w + 69. Let q be h(3). Suppose -11*p = -23*p + q. What are the prime factors of p?
311
Let z(m) = 17*m**3 - 11*m**2 - 7*m + 7. Let i be z(4). Suppose -i = -12*y + 2193. What are the prime factors of y?
257
Let c = 77 - 67. Suppose -c*s - 2*s - 60 = 0. List the prime factors of ((-316)/10)/(s - 24/(-5)).
2, 79
Let d(p) = -82*p + 169. Let a be d(2). Let b(t) = 12*t**2 + 41*t - 197. List the prime factors of b(a).
2, 7, 11
Let s be (-7)/14*((-2)/(-2) - 1). Suppose s = -52*a + 53*a - 284. List the prime factors of a.
2, 71
Let f be (-4)/26 + (-3499)/(-13). Suppose 3*a + 0*a = 4*m + f, 4*a + m - 346 = 0. Let n = 182 - a. List the prime factors of n.
5, 19
Suppose -3 + 15 = 3*m. Let o(w) = -117*w - 85*w - m + 152*w. List the prime factors of o(-3).
2, 73
List the prime factors of ((-394)/6)/(3/(-261)).
29, 197
Suppose -60*h + 91172 + 9148 = 0. List the prime factors of h.
2, 11, 19
Let w(a) = -158*a**3 - 2*a**2 + 28*a + 64. What are the prime factors of w(-4)?
2, 3, 11, 19
Let l(h) = 2*h - 1. Let t be l(-2). Let d(b) = 8*b + 161. List the prime factors of d(t).
11
Suppose -5*l = -69*y + 72*y - 100932, -3*y - 4*l = -100932. List the prime factors of y.
2, 13, 647
Let t(g) = -6570*g - 12883. What are the prime factors of t(-6)?
7, 17, 223
Let k(d) = d**3 + d**2 - 2*d + 137. Let x be k(0). Let i = x - -170. Suppose 2*l - i = -h, 0 = -6*l + l. List the prime factors of h.
307
Let y be (2060/(-40))/(3/(-6)). Suppose 4*s + w + w - 234 = 0, 0 = -5*s + 2*w + 279. Let r = y - s. List the prime factors of r.
2, 23
Let h(m) = 107*m - 208. Let r(z) = 213*z - 417. Let u(b) = -5*h(b) + 2*r(b). List the prime factors of u(-12).
2, 757
List the prime factors of (56/(-24))/(56/(-48)).
2
Let i(k) = -k**3 + 13*k**2 + 35*k - 47. Suppose 4*z - 10*z = -90. List the prime factors of i(z).
2, 7
Let c be ((-224)/140)/((-66)/65 - -1). Let f = 92 - c. Let o(w) = 5*w**2 + 36*w - 4. List the prime factors of o(f).
2, 71
Let r(x) = -89*x + 194. Let v be r(-16). Suppose -1619*j = -v*j - 39. List the prime factors of j.
3, 13
Let n(p) = p**2 - 42*p + 4736. What are the prime factors of n(-104)?
2, 3, 5, 83
Suppose -3773 = -5*i - 2*m, 470*i + 5*m = 475*i - 3745. What are the prime factors of i?
3, 251
Let z = 207 + 3636. List the prime factors of z.
3, 7, 61
List the prime factors of 2/20 - ((-55)/(-125))/((-44)/2856590).
2, 3, 23
Suppose 5*h - 381 = 214. Suppose h*b - 121*b = -126. What are the prime factors of b?
3, 7
Suppose -c - 3 = -2*i, -5*i + 0 = c - 25. Suppose 6*q = c*q + 1407. What are the prime factors of q?
3, 7, 67
Let z be 4/(-7) + (-1 - 55/(-35)). Suppose z = -17*v + 12*v + 830. What are the prime factors of v?
2, 83
Suppose -5*k - 31*y = -34*y - 25200, 3*y = 4*k - 20157. What are the prime factors of k?
3, 41
Suppose 4020*t - 3435 = 4017*t. What are the prime factors of t?
5, 229
What are the prime factors of 10 + (22681 + (-5 - -5) - -10)?
3, 7, 23, 47
Let y(j) = 816*j - 125. List the prime factors of y(8).
19, 337
Let a(x) = x**2 - 2*x - 7. Let h be a(-3). Suppose -c + 4*w = -23, c = 6*w - 5*w + h. Suppose -c*q + 227 = 11. List the prime factors of q.
2, 3
Suppose 0 = i + 2*w - 14, -22 = -4*i - 4*w + 14. Suppose -6*l + 263 = 3*m - i*l, -4*l + 265 = 3*m. What are the prime factors of m?
3, 29
What are the prime factors of 156/(-10)*(6668/(-12) + -1)?
2, 13, 167
Let c be (-88)/(-32)*(-4 + (-3 - -11)). Let l(q) = -3. Let s(h) = 5*h + 7. Let x(g) = 24*l(g) + 3*s(g). List the prime factors of x(c).
2, 3, 19
Let x(a) = a**3 + 28*a**2 + 24*a - 70. Let p be x(-27). Let m(i) = 30*i**2 + 6*i - 2. Let g be m(3). Suppose g = -p*l + 759. List the prime factors of l.
43
Let a = 1648 + -782. Suppose 6*g - 2948 + a = 0. List the prime factors of g.
347
Let z = 411 - 414. Let r(w) = 52*w**2 + 11. What are the prime factors of r(z)?
479
Let o(p) = -p**3 + 5*p**2 + 5*p + 7. Let t be (-1 - 12/(-9))/((-2)/(-36)). Let y be o(t). Suppose x + y = -3, 0 = -2*d - 3*x + 102. List the prime factors of d.
3, 19
Let t(x) = x**2 + 9*x - 68. Let q be t(-14). Suppose -g - 4*j = -340, 4*j = q*g - j - 667. List the prime factors of g.
2, 3, 7
Let g(j) = j**3 + 9*j**2 + 9*j - 5. Let s be g(-7). Suppose 0 = -4*m, -3*h - 4*m + s = -6. What are the prime factors of h?
2, 3
Let x = -138 - -160. Suppose 16*f = 18*f - x. Suppose 22*n - 1617 = f*n. List the prime factors of n.
3, 7
Suppose 17*q = -18075 + 76657. What are the prime factors of q?
2, 1723
Let t be 80/30 + (-2)/(-6). Suppose 1843 = 22*i - t*i. What are the prime factors of i?
97
List the prime factors of 65/10*(1 + 49).
5, 13
Let l(r) = 73*r + 4762. What are the prime factors of l(40)?
2, 23, 167
Suppose -5*d - 3*n + 628 = 0, -116 = -d + 6*n - 9*n. What are the prime factors of d?
2
Suppose -3632499 - 1125767 = -129*o - 632330. What are the prime factors of o?
2, 1999
Suppose 4*c + 7*i = 2*i + 4262, 3*c - 3212 = 4*i. Suppose 15*z = 19*z - c. What are the prime factors of z?
3, 89
Suppose 4*p = 4*z + 55720 - 18112, 0 = 2*p + z - 18792. List the prime factors of p.
2, 37, 127
Suppose 5*o = 3*b - 115027, 0*b = 2*b - 4*o - 76690. List the prime factors of b.
38329
Let x(u) = 3 - 12 + u**2 - 3*u - 2*u. Let c be x(7). Suppose c*t = -3*y + 425, -4*y + 445 = 5*t - 5*y. What are the prime factors of t?
2, 11
Let i be (-30)/24*4 + 3083. Suppose -226*b + 232*b - i = 0. What are the prime factors of b?
3, 19
Let h(u) = u**2 - 5*u + 104. Let o(j) = 3*j**2 - 6*j + 104. Let f(m) = -4*h(m) + 3*o(m). What are the prime factors of f(-11)?
479
Suppose -3*u - 3788 = -4*u + 2*g, 4*u - 15128 = -4*g. Suppose -5*l + 4726 = -f - 3*f, 0 = 4*l - 4*f - u. List the prime factors of l.
2, 3, 157
Let q(y) = y + 7. Let u be q(-4). Suppose -2*v + 386 + 143 = -u*w, 4*v = 4*w + 1060. Suppose 0 = -5*f + v - 21. List the prime factors of f.
7
Let i(w) = w**3 - 4*w**2 - 12*w. Let r be i(6). Suppose 1348 = 5*u + 4*v, 5*u = -2*v - r*v + 1354. List the prime factors of u.
2, 17
Suppose 0 = 5*b - 0*b + 5. What are the prime factors of 1 + b/4 + 3766/56?
2, 17
Let z be -843 - (14/2 + -4). Let g be (2/3)/((-12)/z). Suppose 5*k = -3*a + 110, -3*k + 3*a = a - g. List the prime factors of k.
19
